{"id":110,"date":"2025-11-03T21:39:12","date_gmt":"2025-11-03T21:39:12","guid":{"rendered":"https:\/\/vkslavia.oone.dev\/?page_id=110"},"modified":"2025-11-09T13:40:20","modified_gmt":"2025-11-09T13:40:20","slug":"kontakt","status":"publish","type":"page","link":"https:\/\/vkslavia.cz\/?page_id=110","title":{"rendered":"Kontakt"},"content":{"rendered":"\t\t<div data-elementor-type=\"wp-page\" data-elementor-id=\"110\" class=\"elementor elementor-110\">\n\t\t\t\t<div class=\"elementor-element elementor-element-20b8e5f e-flex e-con-boxed e-con e-parent\" data-id=\"20b8e5f\" data-element_type=\"container\">\n\t\t\t\t\t<div class=\"e-con-inner\">\n\t\t\t\t<div class=\"elementor-element elementor-element-4a1c048 elementor-widget elementor-widget-heading\" data-id=\"4a1c048\" data-element_type=\"widget\" data-widget_type=\"heading.default\">\n\t\t\t\t\t<h1 class=\"elementor-heading-title elementor-size-default\">Kontakt<\/h1>\t\t\t\t<\/div>\n\t\t\t\t<div class=\"elementor-element elementor-element-93d7421 elementor-widget-divider--view-line elementor-widget elementor-widget-divider\" data-id=\"93d7421\" data-element_type=\"widget\" data-widget_type=\"divider.default\">\n\t\t\t\t\t\t\t<div class=\"elementor-divider\">\n\t\t\t<span class=\"elementor-divider-separator\">\n\t\t\t\t\t\t<\/span>\n\t\t<\/div>\n\t\t\t\t\t\t<\/div>\n\t\t\t\t\t<\/div>\n\t\t\t\t<\/div>\n\t\t<div class=\"elementor-element elementor-element-9125bca elementor-hidden-mobile e-flex e-con-boxed e-con e-parent\" data-id=\"9125bca\" data-element_type=\"container\">\n\t\t\t\t\t<div class=\"e-con-inner\">\n\t\t<div class=\"elementor-element elementor-element-2bdb6f4 e-con-full e-flex e-con e-child\" data-id=\"2bdb6f4\" data-element_type=\"container\">\n\t\t\t\t<div class=\"elementor-element elementor-element-cbf860e elementor-widget elementor-widget-google_maps\" data-id=\"cbf860e\" data-element_type=\"widget\" data-widget_type=\"google_maps.default\">\n\t\t\t\t\t\t\t<div class=\"elementor-custom-embed\">\n\t\t\t<iframe loading=\"lazy\"\n\t\t\t\t\tsrc=\"https:\/\/maps.google.com\/maps?q=Vk%20Slavia%20Praha&#038;t=m&#038;z=12&#038;output=embed&#038;iwloc=near\"\n\t\t\t\t\ttitle=\"Vk Slavia Praha\"\n\t\t\t\t\taria-label=\"Vk Slavia Praha\"\n\t\t\t><\/iframe>\n\t\t<\/div>\n\t\t\t\t\t\t<\/div>\n\t\t\t\t<\/div>\n\t\t<div class=\"elementor-element elementor-element-36f46b5 e-con-full e-flex e-con e-child\" data-id=\"36f46b5\" data-element_type=\"container\">\n\t\t\t\t<div class=\"elementor-element elementor-element-d99523f elementor-widget__width-initial elementor-widget elementor-widget-text-editor\" data-id=\"d99523f\" data-element_type=\"widget\" data-widget_type=\"text-editor.default\">\n\t\t\t\t\t\t\t\t\t<p><em><strong>Vesla\u0159sk\u00fd klub Slavia Praha<br \/><\/strong><\/em>N\u00e1b\u0159e\u017en\u00ed 87\/2 15000 Praha 5 &#8211; Sm\u00edchov<\/p><p><strong> \u0158editel klubu:<\/strong><br \/><strong>e-mail:<\/strong> josef.luks@gmail.com<br \/><strong>tel:<\/strong> +420 608 073 942<\/p>\t\t\t\t\t\t\t\t<\/div>\n\t\t\t\t<\/div>\n\t\t\t\t\t<\/div>\n\t\t\t\t<\/div>\n\t\t<div class=\"elementor-element elementor-element-d926b24 elementor-hidden-desktop elementor-hidden-tablet e-flex e-con-boxed e-con e-parent\" data-id=\"d926b24\" data-element_type=\"container\">\n\t\t\t\t\t<div class=\"e-con-inner\">\n\t\t<div class=\"elementor-element elementor-element-3c99b36 e-con-full e-flex e-con e-child\" data-id=\"3c99b36\" data-element_type=\"container\">\n\t\t\t\t<div class=\"elementor-element elementor-element-c361b78 elementor-widget__width-initial elementor-widget elementor-widget-text-editor\" data-id=\"c361b78\" data-element_type=\"widget\" data-widget_type=\"text-editor.default\">\n\t\t\t\t\t\t\t\t\t<p><em><strong>Vesla\u0159sk\u00fd klub Slavia Praha<\/strong><\/em><\/p><p>N\u00e1b\u0159e\u017en\u00ed 87\/2 15000 Praha 5 &#8211; Sm\u00edchov <br><strong>e-mail:<\/strong> josef.luks@gmail.com<br><strong>tel:<\/strong> +420 608 073 942<\/p>\t\t\t\t\t\t\t\t<\/div>\n\t\t<div class=\"elementor-element elementor-element-b3ec756 e-con-full e-flex e-con e-child\" data-id=\"b3ec756\" data-element_type=\"container\">\n\t\t\t\t<div class=\"elementor-element elementor-element-3ffe9ca elementor-widget elementor-widget-google_maps\" data-id=\"3ffe9ca\" data-element_type=\"widget\" data-widget_type=\"google_maps.default\">\n\t\t\t\t\t\t\t<div class=\"elementor-custom-embed\">\n\t\t\t<iframe loading=\"lazy\"\n\t\t\t\t\tsrc=\"https:\/\/maps.google.com\/maps?q=Vk%20Slavia%20Praha&#038;t=m&#038;z=12&#038;output=embed&#038;iwloc=near\"\n\t\t\t\t\ttitle=\"Vk Slavia Praha\"\n\t\t\t\t\taria-label=\"Vk Slavia Praha\"\n\t\t\t><\/iframe>\n\t\t<\/div>\n\t\t\t\t\t\t<\/div>\n\t\t\t\t<\/div>\n\t\t\t\t<\/div>\n\t\t\t\t\t<\/div>\n\t\t\t\t<\/div>\n\t\t\t\t<\/div>\n\t\t","protected":false},"excerpt":{"rendered":"<p>Kontakt Vesla\u0159sk\u00fd klub Slavia PrahaN\u00e1b\u0159e\u017en\u00ed 87\/2 15000 Praha 5 &#8211; Sm\u00edchov \u0158editel klubu:e-mail: josef.luks@gmail.comtel: +420 608 073 942 Vesla\u0159sk\u00fd klub [&hellip;]<\/p>\n","protected":false},"author":2,"featured_media":0,"parent":0,"menu_order":0,"comment_status":"closed","ping_status":"closed","template":"","meta":{"site-sidebar-layout":"no-sidebar","site-content-layout":"","ast-site-content-layout":"full-width-container","site-content-style":"default","site-sidebar-style":"default","ast-global-header-display":"","ast-banner-title-visibility":"","ast-main-header-display":"","ast-hfb-above-header-display":"","ast-hfb-below-header-display":"","ast-hfb-mobile-header-display":"","site-post-title":"disabled","ast-breadcrumbs-content":"","ast-featured-img":"disabled","footer-sml-layout":"","theme-transparent-header-meta":"","adv-header-id-meta":"","stick-header-meta":"","header-above-stick-meta":"","header-main-stick-meta":"","header-below-stick-meta":"","astra-migrate-meta-layouts":"default","ast-page-background-enabled":"default","ast-page-background-meta":{"desktop":{"background-color":"var(--ast-global-color-5)","background-image":"","background-repeat":"repeat","background-position":"center center","background-size":"auto","background-attachment":"scroll","background-type":"","background-media":"","overlay-type":"","overlay-color":"","overlay-opacity":"","overlay-gradient":""},"tablet":{"background-color":"","background-image":"","background-repeat":"repeat","background-position":"center center","background-size":"auto","background-attachment":"scroll","background-type":"","background-media":"","overlay-type":"","overlay-color":"","overlay-opacity":"","overlay-gradient":""},"mobile":{"background-color":"","background-image":"","background-repeat":"repeat","background-position":"center center","background-size":"auto","background-attachment":"scroll","background-type":"","background-media":"","overlay-type":"","overlay-color":"","overlay-opacity":"","overlay-gradient":""}},"ast-content-background-meta":{"desktop":{"background-color":"var(--ast-global-color-4)","background-image":"","background-repeat":"repeat","background-position":"center center","background-size":"auto","background-attachment":"scroll","background-type":"","background-media":"","overlay-type":"","overlay-color":"","overlay-opacity":"","overlay-gradient":""},"tablet":{"background-color":"var(--ast-global-color-4)","background-image":"","background-repeat":"repeat","background-position":"center center","background-size":"auto","background-attachment":"scroll","background-type":"","background-media":"","overlay-type":"","overlay-color":"","overlay-opacity":"","overlay-gradient":""},"mobile":{"background-color":"var(--ast-global-color-4)","background-image":"","background-repeat":"repeat","background-position":"center center","background-size":"auto","background-attachment":"scroll","background-type":"","background-media":"","overlay-type":"","overlay-color":"","overlay-opacity":"","overlay-gradient":""}},"footnotes":""},"class_list":["post-110","page","type-page","status-publish","hentry"],"_links":{"self":[{"href":"https:\/\/vkslavia.cz\/index.php?rest_route=\/wp\/v2\/pages\/110","targetHints":{"allow":["GET"]}}],"collection":[{"href":"https:\/\/vkslavia.cz\/index.php?rest_route=\/wp\/v2\/pages"}],"about":[{"href":"https:\/\/vkslavia.cz\/index.php?rest_route=\/wp\/v2\/types\/page"}],"author":[{"embeddable":true,"href":"https:\/\/vkslavia.cz\/index.php?rest_route=\/wp\/v2\/users\/2"}],"replies":[{"embeddable":true,"href":"https:\/\/vkslavia.cz\/index.php?rest_route=%2Fwp%2Fv2%2Fcomments&post=110"}],"version-history":[{"count":58,"href":"https:\/\/vkslavia.cz\/index.php?rest_route=\/wp\/v2\/pages\/110\/revisions"}],"predecessor-version":[{"id":1106,"href":"https:\/\/vkslavia.cz\/index.php?rest_route=\/wp\/v2\/pages\/110\/revisions\/1106"}],"wp:attachment":[{"href":"https:\/\/vkslavia.cz\/index.php?rest_route=%2Fwp%2Fv2%2Fmedia&parent=110"}],"curies":[{"name":"wp","href":"https:\/\/api.w.org\/{rel}","templated":true}]}}